e (-144)/14 - 6/b. Let z = 3 + i. Let t(j) = -j + 6. Give t(z).
13
Let z(q) = 4 + 217*q**2 - 108*q**2 - 110*q**2 + 24*q - 19*q. Determine z(-2).
-10
Let z(t) = t + 4. Let w be z(0). Suppose -3*o + 2*q + 19 = 0, 3*o = -2*q + q + w. Let b(a) = a**2 + o*a**2 + 6*a**3 + 5 - 7*a**3 - 3*a. Give b(4).
-7
Suppose -3*f = -f + 5*f. Let s(z) be the third derivative of 0 + 1/24*z**4 - 1/6*z**3 + 0*z + 2*z**2. What is s(f)?
-1
Let z(j) = 6*j + 1. Let s(g) = g + 1. Let o(t) = 2*s(t) - z(t). Let c(q) = -q**2 - 4*q + 4. Let v be c(-4). Let l be (-6)/v*2/3. Determine o(l).
5
Let j(h) = 2*h**3 + h**2 + 4*h + 3. Let s(l) = -l**3 - l**2 - 2*l - 2. Suppose 182 = 20*w - 34*w. Let m(n) = w*s(n) - 6*j(n). Give m(-7).
-6
Suppose -2*n + n + 3 = 0. Suppose 2*h - n = h. Let w(t) = t - 3. Give w(h).
0
Let i(r) = -4*r - 9*r + 19 - 9*r + 23*r. Determine i(0).
19
Let b(n) = 5*n + 5. Let c(l) = -9*l - 7. Let h(z) = -11*b(z) - 6*c(z). What is h(6)?
-19
Let k be 1/(-3) + 11/(-3). Let x be (-1 + 4/(-2))*-1. Let h(m) = -m**3 - 4*m**2 - 1 + x - 3 + 4 + 2*m. Determine h(k).
-5
Suppose 0 = c + 3, 0 = -x - 4*c + c - 8. Suppose 0 = 4*i + 17 - x. Let g be 11/44 + (-7)/i. Let o(b) = -3*b - 1. Determine o(g).
-7
Let y(l) = 20*l - 77. Let i(v) = -7*v + 27. Let p(b) = -17*i(b) - 6*y(b). Determine p(-3).
6
Let l(f) = -f**2 - 5*f + 2. Let x(c) = -c**3 - 5*c**2 + 8*c + 6. Let r be x(-6). Let m be l(r). Let q(j) = -j**2 - 23*j + 19*j - 2 + 0*j**2. Determine q(m).
-2
Let z(y) be the third derivative of y**5/60 - y**4/24 + 4*y**3/3 - 69*y**2 + y. What is z(0)?
8
Let y(t) = t**3 + 43*t**2 - 45*t - 48. Let g be y(-44). Let l(v) = v**3 + 6*v**2 + 5*v - 2. What is l(g)?
10
Let n(v) = v**2 + 3*v + 3. Let q be n(-4). Let y(o) = o**3 - 8*o**2 + 6*o + 8. Let c be y(q). Let x(w) = -14*w**2 + 1. Calculate x(c).
-13
Let s(b) = -4*b**2 + 11*b - 5. Let l(x) = 7*x**2 - 22*x + 9. Let g(y) = 3*l(y) + 5*s(y). What is g(8)?
-22
Let p(q) = 104 - q - 48 - 48. Let t(h) = h**2 + 5. Let b be t(0). Calculate p(b).
3
Suppose 28 = 4*m + 3*l, 5*l = 5*m - m + 4. Suppose -13 = 5*c + 4*j, c + 1 = m*c - 2*j. Let w(s) = -4*s**2 + s. Give w(c).
-5
Suppose 0 = -4*a + 11 + 9, -2*a = 4*m + 2. Let f(j) = 8*j + 2. Calculate f(m).
-22
Let l be 69/(-12) - (-4)/(-16). Let p(b) = -b**3 - 7*b**2 - 6*b - 3. Let x be p(l). Let k(u) be the second derivative of u**3/2 - 3*u**2/2 - 6*u - 7. Give k(x).
-12
Suppose 0 = -6*y + 3*y + 21. Let w(a) = 2*a**3 - 9*a**2 + 9*a + 38. Let f(r) = -r**3 + 4*r**2 - 4*r - 19. Let x(t) = y*f(t) + 3*w(t). Give x(0).
-19
Let u(c) be the third derivative of -c**4/8 - c**2 - 142. What is u(-6)?
18
Let f be ((-14)/35)/((-61)/(-20) + -3). Let k(c) = -c - 13. What is k(f)?
-5
Suppose 0 = 4*g + 2*y, -4*g + y + 0 = -6. Let q(p) = -24*p + 1. Calculate q(g).
-23
Let r be (2/4)/(12/(-168)). Let m(f) = -f - 8. Calculate m(r).
-1
Let i(d) = 6 - 145222*d**2 + 12*d + 145224*d**2 + 2*d. Give i(-6).
-6
Let m = 5 + -3. Suppose -3*l + 4 = t - 4*l, m = -3*t - 4*l. Suppose -15 = -5*w + t*w. Let d(x) = x**3 - 4*x**2 - 4*x - 4. What is d(w)?
1
Suppose 0 = -5*p - c + 7, -4*p + 5 - 11 = -5*c. Let x(t) = -25*t - t**2 + p + 45*t - 22*t. Calculate x(-6).
-23
Let w(c) = -c**2. Let n(z) = -3*z**2 - 6*z - 2. Let q(a) = n(a) - 4*w(a). Give q(5).
-7
Let t(u) = -67*u + 6 + 61*u + 8. Let n(c) = 5*c - 13. Let b(r) = -5*n(r) - 4*t(r). Determine b(6).
3
Let n(b) = 19*b + 6. Let v(u) = -22*u - 5. Let q(t) = 7*n(t) + 6*v(t). Calculate q(-17).
-5
Let n(x) = -5*x**2 + 10*x + 5. Let o(l) = -9*l**2 + 19*l + 9. Let t(w) = -11*n(w) + 6*o(w). Let s be (1 - 4) + (-46 - 6). Let d = -59 - s. Give t(d).
-1
Let c(i) = -2*i**2 - 3*i - 1. Let n(t) = t**2 + 2*t + 2. Let o(j) = 2*c(j) + 3*n(j). What is o(-4)?
-12
Let h(n) be the second derivative of n**6/180 - n**4/24 - 7*n**3 + 42*n. Let c(b) be the second derivative of h(b). Determine c(2).
7
Let c(t) be the third derivative of -1/120*t**6 - 2/3*t**3 + 0*t - 7/24*t**4 - 1/10*t**5 + 0 + 21*t**2. Determine c(-5).
6
Let y(a) = a**3 - 7*a**2 - a - 2. Suppose 10*r + 3 - 63 = 0. Suppose 0 = 2*i - 20 + r. Give y(i).
-9
Let b(j) = -4*j + 23. Let x be (-3)/(312/(-712)) + (-2)/(-13). Calculate b(x).
-5
Let u(c) = -22*c - 4. Let q(g) = -65*g - 10. Let o(w) = -3*q(w) + 8*u(w). Determine o(2).
36
Suppose -u + 3 = 1. Let d(f) be the second derivative of -7*f**3/6 + f**2/2 + 22*f. Calculate d(u).
-13
Let c(v) be the first derivative of -v**3/3 + 2*v**2 - v + 5. Let x be c(3). Let w(d) = 8*d**2 - 6*d**2 + d**3 + x - 1 - 3*d. Give w(-3).
1
Let z(f) = 4*f - 9. Let m(a) be the third derivative of a**4/12 - 2*a**3/3 + 3*a**2. Let d(g) = -7*m(g) + 4*z(g). Calculate d(8).
8
Let s(f) = 110 + f**2 - 54 - 4*f - 54. Suppose 3*r = -c + 4*c + 6, -c + 18 = 3*r. Give s(r).
7
Let d(a) = 10 + 3 - 8*a**3 + 5*a - 4 + 6*a**3 - 4*a**2. Let r(o) = 2*o**3 + 4*o**2 - 6*o - 10. Let m(w) = 7*d(w) + 6*r(w). What is m(-2)?
5
Let n = 61 + -65. Let g(s) be the second derivative of s**3/3 - s**2 - 40*s. What is g(n)?
-10
Suppose -h = h - 8. Suppose h*j - 5 = -1. Let r(y) be the second derivative of -5*y**3/6 + 2*y - 175. Calculate r(j).
-5
Let p(s) = 3 + 5 - 185632*s + 185638*s. Give p(-3).
-10
Let u(h) be the third derivative of h**6/120 + 2*h**5/15 + 7*h**4/12 + 4*h**3/3 + h**2 - 6*h. Give u(-6).
-4
Let t(a) = a**2 + 16*a - 3. Let g = -650 + 634. Give t(g).
-3
Let g(c) = c - 17. Let o be g(11). Let h(w) = 7*w**3 + 5*w**2 - 6*w + 4. Let d(q) = 15*q**3 + 10*q**2 - 13*q + 9. Let n(r) = o*d(r) + 13*h(r). Calculate n(-5).
-2
Suppose 16 = 7*n - 5*n. Let v be 4/(-10) - (-24)/10. Let z(i) = -i**2 - 5 + 5*i + 3*i**v - 9 + n - i**3. Calculate z(4).
-18
Let z(r) = 3*r**2 - 5*r - 12. Let s(q) = -q**2 - 2*q - 1. Let d(w) = -2*s(w) - z(w). Determine d(7).
28
Let c(x) be the second derivative of x**3/2 - 3*x**2/2 - 10*x + 3. Give c(2).
3
Let r(v) = -25*v + 279. Let a be r(11). Let b(g) = -g**3 + 4*g**2 + 4*g + 3. Give b(a).
19
Let j(z) = -z. Let m(f) = -7*f**2 + 71*f - 8. Let w be m(10). Calculate j(w).
-2
Let t(w) = 16 - 46*w + 14*w + w**2 + 0 + 16*w. Calculate t(16).
16
Let q(l) = l - 1. Let n = -27 - -27. Let h(r) = r + 2. Let s be h(n). What is q(s)?
1
Let p(f) = -37*f**3 + 38*f**3 - 5 - 3*f**2 + 1 + 3 + 10*f - 7*f. Determine p(2).
1
Let a(r) = -r**2 - r. Let i = -59 - -87. Suppose 4*p = -0*p + i. Suppose -p + 5 = y. Give a(y).
-2
Let f(j) = 4*j - 3*j + 2*j - 4*j + 8. Suppose z = 3*i - 3*z - 30, 2*i - 5*z = 20. Let l be (i/2 + 1)/1. Calculate f(l).
2
Let r be (30/8 - (-15)/12)*1. Let f(x) = -x**2 + 9*x - 12. What is f(r)?
8
Suppose -12*h = -12 - 12. Let d(x) = -5*x - 45*x**h - 3 + 44*x**2 - 2. Determine d(-5).
-5
Let m be ((-97)/485)/((-1)/5*1). Let j(i) = -9*i - 1. Calculate j(m).
-10
Suppose 4*m - 5*o = 7, -o + 0*o + 10 = 3*m. Suppose -m = 2*p + 1. Let w(h) = 118*h - 37*h - 37*h - 1 - 37*h. What is w(p)?
-15
Let h(i) = 2 - 5 - 111*i + 114*i + 1. Calculate h(3).
7
Suppose -3*l - 338 = -332. Let n(z) = -z**3 - 4*z**2 - 3*z - 1. What is n(l)?
-3
Let s(n) = -5*n**2 - n. Let f = -9 - -6. Let l = -14 - -16. Let k = f + l. Calculate s(k).
-4
Suppose 0 = 2*x + 5*l - 22, -8*x + 25 = -3*x + 5*l. Let j(m) = -x + m**2 + 4*m**2 - 2*m + 1 - 1. Let r(y) = y**2 + 9*y - 1. Let w be r(-9). Calculate j(w).
6
Let u(z) = -104*z - 960. Let f(x) = 8*x + 75. Let g(q) = -64*f(q) - 5*u(q). Let b(d) = d + 3. Let w be b(-4). Determine g(w).
-8
Let d be 2680/67*(-2)/(-10). Let t(z) = -z**3 + 9*z**2 - 10*z + 12. Determine t(d).
-4
Let m(r) = r**3 - r**2 + r - 9. Let v(y) be the first derivative of 4*y - 3/2*y**2 - 10 + y**3 + 1/4*y**4. Let b be v(-4). Determine m(b).
-9
Let m(a) be the second derivative of a**3/2 - 5*a**2/2 - 385*a. Let b = 14 - 10. Determine m(b).
7
Let z = -6 - -9. Let y(a) = -3*a**2 - 10*a + 13*a - 3 - z + 3. Suppose -4*h = -4*s + 12, -4*s + 14 = -6. Calculate y(h).
-9
Let l = 25 + -44. Let h = l - -19. Let r(t) = -t - 11. Calculate r(h).
-11
Let k(o) = 12*o**3 - 41*o**2 - 12*o + 7. Let v(w) = 7*w**3 - 21*w**2 - 7*w + 2. Let l(r) = -4*k(r) + 7*v(r). Determine l(-17).
3
Let a be (30*11/99)/(2/(-3)). Let c(n) = n**2 + 1. Let i(x) = -4*x**2 - x - 4. Let q(m) = -3*c(m) - i(m). Determine q(a).
21
Let j(i) = i - 7. Let g be 4/(-10) + (-208)/(-20). Let p be g/4*((-24)/20)/(-1). What is j(p)?
-4
Let w(s) = 36 - 17 + 6*s + 11*s - 18. Give w(1).
18
Let j(t) = t + 15. Suppose -39 =